(-6)*15/v. Calculate the highest common divisor of p and 5.
1
Let p be (-39)/(-15) + 6/15. Let u be ((-2)/p)/((-1)/3). Suppose u*b - 90 = -5*d, 0*b = b - 2*d - 36. Calculate the greatest common factor of b and 8.
8
Let m = 48 + -24. Calculate the greatest common divisor of 32 and m.
8
Suppose -o = -4*o - 15. Let b be (24/(-10))/(1/o). Suppose -c = -5*l + c + 37, 2*l - b = -2*c. Calculate the highest common factor of l and 56.
7
Suppose -25 = 6*f - f. Let n = -3 - f. Suppose i - 5*p = 20, 4*i - 47 = -n*p + 11. Calculate the highest common factor of 45 and i.
15
Suppose 11 = 4*p - 21. Suppose 4*v = 6*v - p. What is the highest common factor of v and 4?
4
Suppose -j - 4 = 0, -t - 5*j = -0 - 44. Calculate the highest common factor of t and 16.
16
Suppose -3 + 13 = -3*z - 2*f, -5*f - 11 = 4*z. Let w be 24/(-3)*6/z. Calculate the highest common factor of 4 and w.
4
Let o(v) = v + 4. Let i be o(-6). Let k be 0/2 - 16/i. Suppose -180 = -2*u - u - 4*b, 4*b - 124 = -2*u. Calculate the highest common factor of u and k.
8
Let a = -5 - -14. Let f = 15 - a. What is the highest common factor of f and 24?
6
Let j = 26 + -18. What is the highest common divisor of j and 64?
8
Let w(s) = -s**2 - 6*s. Let l be w(-5). Let t = 59 - 34. Calculate the greatest common divisor of l and t.
5
Suppose -91 = -2*x + 2*h - 7*h, -4*x - 3*h = -147. What is the greatest common divisor of 11 and x?
11
Let s = -60 + 95. Let f(q) = q**3 + 3*q**2 - q + 1. Suppose -4 = r + r. Let n be f(r). What is the greatest common divisor of n and s?
7
Let q(p) be the first derivative of -p**2/2 + 6*p + 7. Let x be q(-4). What is the greatest common factor of 25 and x?
5
Suppose -21 = -m - 5*p, -3 = -3*m - 3*p + 12. Calculate the greatest common divisor of 2 and m.
1
Let t be ((-6)/8)/(26/(-4576)). Calculate the highest common divisor of 33 and t.
33
Let r = 231 + -165. Calculate the greatest common factor of r and 22.
22
Let l = -864 - -536. Let t be 2 - (-1)/((-4)/l). What is the greatest common factor of 12 and t?
12
Let p be -3*(2 + -5 + -28). Calculate the greatest common factor of 3 and p.
3
Suppose -2*x + 146 + 140 = 0. Calculate the greatest common factor of 13 and x.
13
Let f = 127 - 22. Calculate the greatest common divisor of 42 and f.
21
Let i be 32 + (-4 - -2 - -4). Suppose 3*a = -v + 29, i = 3*a - 0*v - 4*v. Calculate the greatest common divisor of a and 70.
10
Suppose -15*k + 1430 = -5*k. Calculate the greatest common divisor of k and 11.
11
Let x be 2/(-4) + (-6)/(-12). Suppose x = -d + 4*d - 6. Let o be 108/14 + d/7. What is the highest common divisor of o and 8?
8
Suppose -2*y + 188 = 4*l, -l + 0*l + 46 = y. Calculate the highest common factor of l and 6.
6
Let h = -246 - -411. Calculate the greatest common divisor of 15 and h.
15
Suppose -21*b = -19*b - 18. Calculate the highest common divisor of b and 3.
3
Suppose 25 = 5*t + 5*y, t + 2*y - 18 = -2*t. Let s(d) = d**3 - 8*d**2 + 3*d - 12. Let h be s(t). Calculate the highest common divisor of h and 18.
6
Let i be (30/(-4))/((-9)/(-12)). Let s = 12 + i. Calculate the highest common divisor of s and 22.
2
Let w be 6/(-4)*(-1100)/66. Let g(i) = 9*i + 5. Let m be g(5). What is the highest common divisor of w and m?
25
Suppose c - 85 = -4*c. What is the highest common divisor of 17 and c?
17
Suppose -214 = -5*f - 2*c, f - 3*c - c = 34. Suppose -4*i = -f - 126. Calculate the greatest common divisor of 63 and i.
21
Let w = 10 + -1. Calculate the highest common factor of 81 and w.
9
Let r be 112 + 1 + -2 + 1. Suppose -32 = 4*n - 6*n. Calculate the greatest common divisor of r and n.
16
Suppose 4 = m - 6. Let q be ((-51)/(-6))/(1/m). What is the greatest common factor of q and 17?
17
Let m = 5 - -4. Suppose -3*c + 12 = -m. Let z = -7 - -70. What is the highest common factor of z and c?
7
Suppose -g - 11 + 48 = 4*w, 3*g = -2*w + 81. What is the highest common factor of 20 and g?
5
Let r = 2 + -2. Let k(g) = -g**3 - 8*g**2 + g - 10. Let x be k(-8). Let v = r - x. What is the greatest common factor of v and 6?
6
Suppose 0 = -3*d + 5*o + 159, 4*d - 3*o - 207 = 2*o. Suppose -2*x = -0*x - 2. Let m be x/((0 - 1)/(-32)). What is the highest common factor of m and d?
16
Let p be (-13 + 2/2)*1. Let w = 21 + p. Calculate the greatest common factor of 18 and w.
9
Suppose 24 = 5*r - 136. What is the highest common factor of 144 and r?
16
Let l = -18 - -17. Let a(i) = -24*i**3 + 2*i**2 + 3*i + 2. Let o be a(l). What is the highest common factor of o and 100?
25
Let s be ((-1)/(-3))/((-2)/(-18)). Let v be (-4)/s*117/(-6). Suppose 0 = -4*k + 3*b + v, -2*k - 4*b = -4*k + 18. Calculate the highest common factor of k and 2.
1
Let h = -131 + 251. Suppose 0*o + h = 4*o. Let j = -6 + o. What is the greatest common divisor of j and 16?
8
Let r be 3 - (-3 - (0 - 0)). Calculate the highest common factor of r and 9.
3
Suppose 2*u + 120 = 6*u. Let d(w) = -1 - 5*w + w**2 - w + 0*w. Let r be d(7). What is the highest common divisor of r and u?
6
Suppose -i + 22 = i. What is the highest common divisor of 55 and i?
11
Let f(r) = -r**2 + 8*r - 1. Let s be f(6). What is the highest common factor of s and 99?
11
Let o be -1*3 - (-26)/1. Suppose s = 3, 8 = 2*x - s - o. What is the greatest common factor of x and 51?
17
Let p(g) = -2*g**3 + 4*g. Suppose -2*l = -1 + 7. Let c be p(l). Suppose -c - 38 = -4*i. What is the highest common divisor of i and 40?
20
Suppose 2*a - 479 = 385. Suppose 4*n - 2*n = a. Calculate the highest common divisor of n and 27.
27
Suppose -5*u - 85 = -5*n, 0 = -0*n + n - 4*u - 32. Let t be n/(-8)*80/6. Let s be ((-36)/10)/(3/t). Calculate the greatest common factor of s and 60.
12
Let d = 2 - 1. Suppose -3*z + d = 2*x - 29, -2*z + 40 = 3*x. Let w = -43 - -91. Calculate the highest common divisor of w and x.
12
Suppose -56 = -0*a - 4*a. Suppose -34 = -2*n - 2*o, -2*o = n + a - 32. What is the greatest common factor of n and 8?
8
Let b be (-4)/10 - (-4)/10. Let q = b + 0. Suppose q = s - 13 - 0. Calculate the highest common divisor of 13 and s.
13
Let w be (56/10)/((-2)/(-10)). Let q = -567 + 595. What is the highest common factor of w and q?
28
Let z(m) = 2*m**3 - 4*m**2 + 3*m. Let b be z(2). Calculate the highest common divisor of b and 12.
6
Let l be (-17)/51*(-22 + 1). Calculate the greatest common factor of l and 28.
7
Suppose 0 = -17*r + 14*r + 561. Calculate the highest common factor of r and 11.
11
Suppose 4*s + 20 = -4*h, 2*s - 2*h = 1 + 1. Let t be ((-4)/12)/(s/24). Calculate the greatest common factor of t and 2.
2
Let u = 14 + -10. Suppose -2*y = -6, -u*y + 252 = 4*v - 0*v. Let p = -5 + 17. What is the highest common divisor of p and v?
12
Let a be 2*-1*(2 - 4). Suppose -a*x + 69 = -35. Calculate the highest common factor of 13 and x.
13
Suppose -o + 86 = 3*i, -4*i - 3*o + 128 = o. Let m = 6 - 2. Let k be ((-9)/m)/(1/(-4)). What is the highest common divisor of i and k?
9
Suppose 4*z = 2*z + 46. Let h be (-1)/3 + (-4560)/(-18). Calculate the highest common factor of z and h.
23
Let p = -29 + 43. Let g = -38 + 6. Let r = -4 - g. Calculate the greatest common divisor of r and p.
14
Let q(o) = -o**2 + 3*o + 3. Let a be q(3). Suppose 0 = -4*u - a + 47. What is the greatest common factor of u and 11?
11
Let t(z) = 2*z - 3. Let d be t(4). Suppose -y = -3*y - d*s + 24, -20 = -4*y - 3*s. Let h = 78 - 72. What is the highest common factor of y and h?
2
Suppose -4*a + 3*p - 7*p + 104 = 0, 4*p = -20. Calculate the greatest common factor of a and 155.
31
Suppose 4*z + 0 = 8. Let m be ((-1)/z)/((-1)/(-4)). Let v be (m/2)/(5/(-80)). Calculate the greatest common factor of v and 64.
16
Let n = 45 + -25. Suppose 2*w - 1 - 3 = 0. Suppose 2*j = -0*u - 5*u + 304, w = j. What is the greatest common factor of n and u?
20
Suppose 2*x = -2*l + 15 + 15, 4*l = 5*x + 33. Calculate the highest common divisor of l and 8.
4
Let z(q) = q**3 + 5*q**2 - 2*q + 1. Let r be z(-4). What is the highest common factor of r and 5?
5
Let d be (-6 - -2)/(1 - 0). Let x be -4*(15/d - 2). What is the greatest common factor of x and 253?
23
Let l = -15 - -28. Suppose 0 = -2*q + l + 11. Calculate the highest common factor of 8 and q.
4
Suppose 7*b - 5*i - 8 = 3*b, -4 = -2*b - 4*i. Suppose -3*w - q = -55, -3*q = -4*w - b*q + 64. Calculate the highest common divisor of w and 85.
1